59
List the prime factors of 4407574743.
3, 11, 13, 41, 9281
List the prime factors of 31314351.
3, 10438117
List the prime factors of 193242827.
193242827
What are the prime factors of 5638455763?
5638455763
What are the prime factors of 400130934?
2, 3, 7, 109, 87403
What are the prime factors of 19668011?
11, 97, 18433
What are the prime factors of 1126968885?
3, 5, 7, 31, 16487
List the prime factors of 2549940894.
2, 3, 751, 188633
What are the prime factors of 77962135?
5, 15592427
List the prime factors of 566671614.
2, 3, 94445269
What are the prime factors of 31163772?
2, 3, 41, 97, 653
What are the prime factors of 4245434543?
7, 739, 820691
List the prime factors of 1838799833.
13, 141446141
List the prime factors of 122372243.
7, 17481749
What are the prime factors of 64814157?
3, 7201573
What are the prime factors of 26951031?
3, 1439, 2081
List the prime factors of 3144494282.
2, 43, 157, 232891
What are the prime factors of 528776288?
2, 317, 52127
What are the prime factors of 1534575509?
15889, 96581
List the prime factors of 400621859.
11, 19, 53, 59, 613
List the prime factors of 19073126.
2, 29, 328847
List the prime factors of 190532199.
3, 11, 13, 444131
List the prime factors of 207253808.
2, 43, 301241
What are the prime factors of 143956606?
2, 4481, 16063
What are the prime factors of 1215748779?
3, 7, 997, 58067
What are the prime factors of 2594720650?
2, 5, 51894413
List the prime factors of 59981966.
2, 11, 2726453
List the prime factors of 639655658.
2, 319827829
What are the prime factors of 156148559?
7, 2111, 10567
List the prime factors of 278951380.
2, 5, 83, 168043
What are the prime factors of 128441525?
5, 31, 53, 59
What are the prime factors of 45568576?
2, 67, 10627
List the prime factors of 13310681.
29, 277, 1657
List the prime factors of 875506.
2, 437753
What are the prime factors of 153268953?
3, 19, 2688929
What are the prime factors of 3045107077?
17293, 176089
List the prime factors of 16350641.
16350641
What are the prime factors of 44534049?
3, 7, 23, 92203
List the prime factors of 56976917.
1879, 30323
List the prime factors of 1250080418.
2, 239, 331, 7901
What are the prime factors of 3424481500?
2, 5, 11, 23, 107
What are the prime factors of 4298915758?
2, 7457, 288247
List the prime factors of 3327463057.
17, 223, 51631
What are the prime factors of 1780394329?
7, 1217, 208991
List the prime factors of 765470946.
2, 3, 179, 809, 881
List the prime factors of 145388802.
2, 3, 13, 701, 2659
List the prime factors of 53685184.
2, 7, 17, 19, 53
What are the prime factors of 561072280?
2, 5, 19, 29, 25457
List the prime factors of 628381758.
2, 3, 23, 4553491
List the prime factors of 2732378888.
2, 18481
List the prime factors of 2512154861.
2512154861
List the prime factors of 2803889142.
2, 3, 51923873
List the prime factors of 15296360.
2, 5, 61, 6269
List the prime factors of 1285155951.
3, 2377, 180221
List the prime factors of 800867424.
2, 3, 7, 1191767
List the prime factors of 110824932.
2, 3, 43, 397, 541
What are the prime factors of 37059628?
2, 151, 61357
What are the prime factors of 532498497?
3, 17, 10441147
What are the prime factors of 500878480?
2, 5, 17, 368293
What are the prime factors of 420762872?
2, 61, 862219
List the prime factors of 268359739.
17, 15785867
What are the prime factors of 228767878?
2, 17, 6728467
What are the prime factors of 524943474?
2, 3, 11, 7953689
List the prime factors of 497881829.
497881829
List the prime factors of 65182918.
2, 1187, 27457
List the prime factors of 349226655.
3, 5, 89, 261593
What are the prime factors of 10991401?
17, 23, 28111
What are the prime factors of 103178866?
2, 7, 37, 139, 1433
What are the prime factors of 8122354629?
3, 2707451543
What are the prime factors of 614799227?
7, 12546923
List the prime factors of 660809635.
5, 17, 7774231
List the prime factors of 45165697.
45165697
List the prime factors of 670333169.
11, 60939379
What are the prime factors of 1781358787?
13, 17, 2677, 3011
What are the prime factors of 830798116?
2, 59, 853, 4127
What are the prime factors of 643701257?
643701257
What are the prime factors of 1736421455?
5, 23, 1997, 7561
List the prime factors of 130821241.
3673, 35617
List the prime factors of 177655520.
2, 5, 7, 158621
List the prime factors of 6353679843.
3, 7, 100852061
What are the prime factors of 710257543?
710257543
What are the prime factors of 103649080?
2, 5, 809, 3203
List the prime factors of 13055836.
2, 31, 211, 499
What are the prime factors of 1561491076?
2, 390372769
What are the prime factors of 31379565?
3, 5, 7, 298853
List the prime factors of 988127985.
3, 5, 13, 739, 6857
What are the prime factors of 22156854?
2, 3, 401, 9209
List the prime factors of 3074018760.
2, 3, 5, 8538941
List the prime factors of 5134878208.
2, 10029059
What are the prime factors of 875736504?
2, 3, 17, 89, 8039
List the prime factors of 21033254.
2, 11, 956057
What are the prime factors of 113919785?
5, 7, 73, 44587
What are the prime factors of 618737091?
3, 7, 31, 61, 15581
What are the prime factors of 170596493?
1459, 116927
What are the prime factors of 99252254?
2, 5081, 9767
What are the prime factors of 78308802?
2, 3, 11, 13, 10141
List the prime factors of 249094796.
2, 31, 317, 6337
List the prime factors of 18161319.
3, 11, 31, 41, 433
What are the prime factors of 855457326?
2, 3, 47525407
What are the prime factors of 4203615621?
3, 37, 139, 272449
List the prime factors of 640428673.
2939, 217907
List the prime factors of 563008109.
5591, 100699
List the prime factors of 3303845320.
2, 5, 82596133
List the prime factors of 116247934.
2, 11, 23, 229739
List the prime factors of 88870481.
7, 12695783
List the prime factors of 3953766858.
2, 3, 41, 103, 156041
What are the prime factors of 850578045?
3, 5, 56705203
What are the prime factors of 59028496?
2, 3689281
What are the prime factors of 246252173?
229, 1075337
What are the prime factors of 1722709606?
2, 359, 2399317
What are the prime factors of 2047297184?
2, 63978037
What are the prime factors of 10097434?
2, 5048717
List the prime factors of 35328417.
3, 347, 33937
What are the prime factors of 1635959863?
601, 2722063
List the prime factors of 30137226.
2, 3, 7, 17, 42209
What are the prime factors of 10629632?
2, 13, 1597
List the prime factors of 2539009767.
3, 7, 19, 23, 276671
What are the prime factors of 264223628?
2, 66055907
What are the prime factors of 52973625?
3, 5, 141263
List the prime factors of 105524385.
3, 5, 19, 370261
What are the prime factors of 127512824?
2, 3209, 4967
List the prime factors of 13477430.
2, 5, 17, 79279
What are the prime factors of 1164634684?
2, 41, 7101431
What are the prime factors of 214847889?
3, 71615963
List the prime factors of 11418813.
3, 7, 137
What are the prime factors of 45050436?
2, 3, 691, 1811
List the prime factors of 9332118.
2, 3, 43, 4019
List the prime factors of 56400409.
13, 83, 167, 313
What are the prime factors of 144488290?
2, 5, 97, 148957
What are the prime factors of 90960355?
5, 31, 586841
What are the prime factors of 14938015?
5, 743, 4021
What are the prime factors of 7081962?
2, 3, 17, 69431
What are the prime factors of 26327351?
83, 317197
What are the prime factors of 56839865?
5, 1933, 5881
What are the prime factors of 4264093452?
2, 3, 43, 1171, 7057
List the prime factors of 16110189.
3, 23, 223, 349
List the prime factors of 42447582.
2, 3, 61, 67, 577
What are the prime factors of 3107002532?
2, 776750633
What are the prime factors of 216411501?
3, 19, 3796693
What are the prime factors of 309709576?
2, 11, 19, 185233
What are the prime factors of 46240961?
13, 109, 32633
List the prime factors of 676361246.
2, 11, 101, 304393
List the prime factors of 1500717086.
2, 11, 4861, 14033
What are the prime factors of 116140255?
5, 7, 11, 19, 15877
List the prime factors of 697727560.
2, 5, 17443189
What are the prime factors of 2161858927?
43, 347, 144887
What are the prime factors of 3926849803?
3926849803
What are the prime factors of 31732218?
2, 3, 7, 251843
List the prime factors of 1697293479.
3, 7, 80823499
What are the prime factors of 28281571?
67, 422113
List the prime factors of 13087442.
2, 1123, 5827
Wh